?
1
What is the thousands digit of 102199?
2
What is the hundreds digit of 4625?
6
What is the hundreds digit of 135?
1
What is the thousands digit of 5625?
5
What is the ten thousands digit of 28863?
2
What is the units digit of 288?
8
What is the hundreds digit of 492?
4
What is the thousands digit of 12081?
2
What is the hundreds digit of 1843?
8
What is the tens digit of 12700?
0
What is the units digit of 4715?
5
What is the thousands digit of 3565?
3
What is the hundreds digit of 2647?
6
What is the units digit of 406?
6
What is the ten thousands digit of 20010?
2
What is the hundreds digit of 5954?
9
What is the tens digit of 556?
5
What is the units digit of 57387?
7
What is the hundreds digit of 371?
3
What is the thousands digit of 32195?
2
What is the units digit of 4256?
6
What is the hundreds digit of 3472?
4
What is the tens digit of 1350?
5
What is the tens digit of 910?
1
What is the ten thousands digit of 116052?
1
What is the tens digit of 4128?
2
What is the units digit of 1384?
4
What is the tens digit of 124?
2
What is the tens digit of 125441?
4
What is the hundreds digit of 3544?
5
What is the tens digit of 6609?
0
What is the units digit of 106974?
4
What is the thousands digit of 2226?
2
What is the hundreds digit of 57627?
6
What is the hundreds digit of 18376?
3
What is the thousands digit of 1268?
1
What is the hundreds digit of 1138?
1
What is the units digit of 230?
0
What is the tens digit of 5392?
9
What is the tens digit of 37400?
0
What is the hundreds digit of 1002?
0
What is the thousands digit of 3794?
3
What is the units digit of 26936?
6
What is the units digit of 546?
6
What is the tens digit of 6885?
8
What is the tens digit of 1118?
1
What is the hundreds digit of 2522?
5
What is the tens digit of 15833?
3
What is the ten thousands digit of 94260?
9
What is the hundreds digit of 555?
5
What is the hundreds digit of 7357?
3
What is the units digit of 22423?
3
What is the tens digit of 528?
2
What is the hundreds digit of 14560?
5
What is the tens digit of 213?
1
What is the tens digit of 728?
2
What is the units digit of 29?
9
What is the units digit of 1737?
7
What is the ten thousands digit of 14341?
1
What is the thousands digit of 65542?
5
What is the hundreds digit of 1596?
5
What is the tens digit of 85259?
5
What is the tens digit of 4842?
4
What is the hundreds digit of 19115?
1
What is the units digit of 1045?
5
What is the hundreds digit of 34449?
4
What is the units digit of 1329?
9
What is the units digit of 222?
2
What is the thousands digit of 141223?
1
What is the thousands digit of 3228?
3
What is the thousands digit of 14939?
4
What is the thousands digit of 1823?
1
What is the hundreds digit of 1667?
6
What is the hundreds digit of 11391?
3
What is the units digit of 53335?
5
What is the tens digit of 1875?
7
What is the tens digit of 3443?
4
What is the thousands digit of 136381?
6
What is the ten thousands digit of 16296?
1
What is the hundreds digit of 374?
3
What is the thousands digit of 1020?
1
What is the thousands digit of 1053?
1
What is the thousands digit of 5803?
5
What is the ten thousands digit of 10627?
1
What is the hundreds digit of 3119?
1
What is the units digit of 63530?
0
What is the hundreds digit of 158?
1
What is the units digit of 8132?
2
What is the tens digit of 105?
0
What is the units digit of 802?
2
What is the thousands digit of 3705?
3
What is the hundreds digit of 2576?
5
What is the units digit of 46763?
3
What is the ten thousands digit of 16501?
1
What is the units digit of 374?
4
What is the units digit of 5845?
5
What is the thousands digit of 28669?
8
What is the units digit of 2304?
4
What is the tens digit of 59641?
4
What is the hundreds digit of 551?
5
What is the tens digit of 12988?
8
What is the units digit of 172?
2
What is the ten thousands digit of 19881?
1
What is the units digit of 111?
1
What is the ten thousands digit of 14450?
1
What is the units digit of 22253?
3
What is the hundreds digit of 1287?
2
What is the units digit of 21610?
0
What is the thousands digit of 1193?
1
What is the thousands digit of 63750?
3
What is the units digit of 863?
3
What is the ten thousands digit of 16387?
1
What is the thousands digit of 2672?
2
What is the thousands digit of 2524?
2
What is the units digit of 2633?
3
What is the hundreds digit of 139262?
2
What is the tens digit of 7586?
8
What is the units digit of 10965?
5
What is the tens digit of 183?
8
What is the thousands digit of 2411?
2
What is the thousands digit of 6539?
6
What is the units digit of 26530?
0
What is the hundreds digit of 7498?
4
What is the tens digit of 59887?
8
What is the hundreds digit of 77498?
4
What is the units digit of 1169?
9
What is the units digit of 4663?
3
What is the hundreds digit of 1919?
9
What is the thousands digit of 57127?
7
What is the units digit of 2800?
0
What is the units digit of 1296?
6
What is the units digit of 2391?
1
What is the hundreds digit of 442?
4
What is the tens digit of 3178?
7
What is the tens digit of 6028?
2
What is the tens digit of 47509?
0
What is the tens digit of 25960?
6
What is the units digit of 1186?
6
What is the hundreds digit of 2030?
0
What is the thousands digit of 5130?
5
What is the hundreds digit of 3238?
2
What is the tens digit of 380?
8
What is the units digit of 3715?
5
What is the tens digit of 1218?
1
What is the units digit of 70612?
2
What is the ten thousands digit of 56849?
5
What is the units digit of 16426?
6
What is the hundreds digit of 491?
4
What is the thousands digit of 1341?
1
What is the units digit of 79251?
1
What is the units digit of 1535?
5
What is the units digit of 76927?
7
What is the hundreds digit of 20320?
3
What is the units digit of 3942?
2
What is the units digit of 23953?
3
What is the hundreds digit of 213?
2
What is the hundreds digit of 1164?
1
What is the tens digit of 56026?
2
What is the thousands digit of 1044?
1
What is the ten thousands digit of 24571?
2
What is the hundreds digit of 723?
7
What is the thousands digit of 3178?
3
What is the ten thousands digit of 44150?
4
What is the tens digit of 5080?
8
What is the hundreds digit of 3472?
4
What is the units digit of 682?
2
What is the thousands digit of 1574?
1
What is the thousands digit of 6413?
6
What is the tens digit of 798?
9
What is the thousands digit of 4996?
4
What is the tens digit of 1356?
5
What is the tens digit of 35035?
3
What is the units digit of 214?
4
What is the tens digit of 1192?
9
What is the ten thousands digit of 23491?
2
What is the units digit of 20120?
0
What is the units digit of 5350?
0
What is the hundreds digit of 902?
9
What is the units digit of 10156?
6
What is the thousands digit of 3356?
3
What is the units digit of 468?
8
What is the ten thousands digit of 43698?
4
What is the ten thousands digit of 98064?
9
What is the ten thousands digit of 45277?
4
What is the hundreds digit of 45971?
9
What is the hundreds digit of 130286?
2
What is the units digit of 762?
2
What is the units digit of 6675?
5
What is the hundreds digit of 11209?
2
What is the ten thousands digit of 49037?
4
What is the tens digit of 12281?
8
What is the hundreds digit of 6750?
7
What is the hundreds digit of 1927?
9
What is the ten thousands digit of 13971?
1
What is the hundreds digit of 59551?
5
What is the tens digit of 25912?
1
What is the tens digit of 156?
5
What is the hundreds digit of 742?
7
What is the tens digit of 58481?
8
What is the tens digit of 18595?
9
What is the units digit of 36348?
8
What is the thousands digit of 5531?
5
What is the thousands digit of 1158?
1
What is the hundreds digit of 9171?
1
What is the tens digit of 7911?
1
What is the units digit of 1036?
6
What is the hundreds digit of 21099?
0
What is the units digit of 12248?
8
What is the tens digit of 1260?
6
What is the hundreds digit of 526?
5
What is the hundreds digit of 4751?
7
What is the tens digit of 1299?
9
What is the tens digit of 4413?
1
What is the ten thousands digit of 19138?
1
What is the hundreds digit of 7532?
5
What is the ten thousands digit of 46444?
4
What is the hundreds digit of 80751?
7
What is the tens digit of 430?
3
What is the ten thousands digit of 18642?
1
What is the thousands digit of